{"id":149,"date":"2019-07-09T13:03:33","date_gmt":"2019-07-09T13:03:33","guid":{"rendered":"https:\/\/2019.milano.wordcamp.org\/?page_id=149"},"modified":"2019-08-01T11:35:40","modified_gmt":"2019-08-01T11:35:40","slug":"cose-un-wordcamp","status":"publish","type":"page","link":"https:\/\/milano.wordcamp.org\/2019\/cose-un-wordcamp\/","title":{"rendered":"Cos\u2019\u00e8 un WordCamp"},"content":{"rendered":"\n<p><em>Italian text is followed by <a href=\"#en\">English<\/a><\/em><\/p>\n\n\n\n<p>I WordCamp sono eventi dedicati a WordPress &#8211; la piattaforma di  publishing pi\u00f9 usata al mondo, organizzati dalle comunit\u00e0 locali di  utenti. A seconda della citt\u00e0, un WordCamp avr\u00e0 da 50 a 1000  partecipanti, tra appassionati ed esperti da tutto il mondo che  condividono le proprie conoscenze e si confrontano su tecnologie,  strumenti, servizi, e tutto quanto ruota intorno a WordPress e, in  termini pi\u00f9 allargati, rispetto all\u2019evoluzione delle tecnologie Web.<\/p>\n\n\n\n<p>Il primo WordCamp si \u00e8 svolto nel 2006 a San Francisco ottenendo un \ngrandissimo successo diventando una  parte fondamentale dell&#8217;esperienza \nWordPress per molte persone in tutto il mondo.<\/p>\n\n\n\n<p>Esistono inoltre due grandi eventi che si svolgono annualmente: \nWordCamp Europe e WordCamp USA che raggruppano rispettivamente le \ncomunit\u00e0 locali. Questi eventi attraggono migliaia di partecipanti \nprovenienti da tutto il mondo e la loro location varia di anno in anno.<\/p>\n\n\n\n<p>Un WordCamp ha tra i suoi scopi quello di migliorare la propria \nesperienza nell\u2019uso di WordPress e far conoscere ed espandere la \ncommunity che contribuisce a WordPress stesso. Ci saranno una o pi\u00f9 \ngiornate dedicate a WordPress e alla sua Community nelle quale avrai \nl\u2019opportunit\u00e0 di affrontare diversi argomenti e conoscere tante persone e\n la loro esperienza. Potrai inoltre condividere la tua, e aiutare chi \u00e8 \nalle prime armi.<\/p>\n\n\n\n<p>I WordCamp richiedono molto lavoro e diverse settimane di \npreparazione, lavoro svolto dalla comunit\u00e0 locale che, come il resto \ndella community, \u00e8 interamente formata da volontari.\nIl giorno dell\u2019evento troverai un\u2019intera squadra di persone dedicata a \nrendere la giornata piacevole e il pi\u00f9 produttiva possibile.<\/p>\n\n\n\n<p>Anche tu puoi farne parte!<\/p>\n\n\n\n<p>Ti invitiamo a partecipare a questa esperienza con noi!<\/p>\n\n\n\n<h2 class=\"wp-block-heading\" id=\"en\">English<\/h2>\n\n\n\n<h2 class=\"wp-block-heading\"> What is a WordCamp <\/h2>\n\n\n\n<p>WordCamps are events dedicated to WordPress &#8211; the most used publishing platform in the world, organized by local user communities. Depending on the city, a WordCamp will have 50 to 1000 participants, including enthusiasts and experts from all over the world who share their knowledge and discuss technologies, tools, services, and everything that revolves around WordPress and, in broader terms , with respect to the evolution of Web technologies.<\/p>\n\n\n\n<p>The first WordCamp took place in 2006 in San Francisco, achieving great success, becoming a fundamental part of the WordPress experience for many people around the world.<\/p>\n\n\n\n<p>There are also two major events that take place annually: WordCamp Europe and WordCamp USA which group the local communities respectively. These events attract thousands of participants from all over the world and their location varies from year to year.<\/p>\n\n\n\n<p>A WordCamp has among its aims to improve its experience in the use of WordPress and to make known and expand the community that contributes to WordPress itself. There will be one or more days dedicated to WordPress and its community where you will have the opportunity to face different topics and get to know many people and their experience. You can also share yours, and help those who are beginners.<\/p>\n\n\n\n<p>The WordCamps require a lot of work and several weeks of preparation, work done by the local community which, like the rest of the community, is entirely made up of volunteers. On the day of the event you will find an entire team of people dedicated to making the day enjoyable and as productive as possible.<\/p>\n\n\n\n<p>You too can be part of it!<\/p>\n\n\n\n<p>We invite you to participate in this experience with us!<\/p>\n","protected":false},"excerpt":{"rendered":"<p>I WordCamp sono eventi dedicati a WordPress &#8211; la piattaforma di publishing pi\u00f9 usata al mondo, organizzati dalle comunit\u00e0 locali di utenti. A seconda della citt\u00e0, un WordCamp avr\u00e0 da 50 a 1000 partecipanti, tra appassionati ed esperti da tutto il mondo che condividono le proprie conoscenze e si confrontano su tecnologie, strumenti, servizi, e &hellip; <a href=\"https:\/\/milano.wordcamp.org\/2019\/cose-un-wordcamp\/\" class=\"more-link\">Leggi tutto<span class=\"screen-reader-text\"> &#8220;Cos\u2019\u00e8 un WordCamp&#8221;<\/span><\/a><\/p>\n","protected":false},"author":14937674,"featured_media":0,"parent":0,"menu_order":0,"comment_status":"closed","ping_status":"closed","template":"","meta":{"jetpack_post_was_ever_published":false,"footnotes":""},"class_list":["post-149","page","type-page","status-publish","hentry"],"jetpack_shortlink":"https:\/\/wp.me\/PaQajJ-2p","jetpack_likes_enabled":true,"jetpack_sharing_enabled":true,"_links":{"self":[{"href":"https:\/\/milano.wordcamp.org\/2019\/wp-json\/wp\/v2\/pages\/149","targetHints":{"allow":["GET"]}}],"collection":[{"href":"https:\/\/milano.wordcamp.org\/2019\/wp-json\/wp\/v2\/pages"}],"about":[{"href":"https:\/\/milano.wordcamp.org\/2019\/wp-json\/wp\/v2\/types\/page"}],"author":[{"embeddable":true,"href":"https:\/\/milano.wordcamp.org\/2019\/wp-json\/wp\/v2\/users\/14937674"}],"replies":[{"embeddable":true,"href":"https:\/\/milano.wordcamp.org\/2019\/wp-json\/wp\/v2\/comments?post=149"}],"version-history":[{"count":3,"href":"https:\/\/milano.wordcamp.org\/2019\/wp-json\/wp\/v2\/pages\/149\/revisions"}],"predecessor-version":[{"id":431,"href":"https:\/\/milano.wordcamp.org\/2019\/wp-json\/wp\/v2\/pages\/149\/revisions\/431"}],"wp:attachment":[{"href":"https:\/\/milano.wordcamp.org\/2019\/wp-json\/wp\/v2\/media?parent=149"}],"curies":[{"name":"wp","href":"https:\/\/api.w.org\/{rel}","templated":true}]}}